{"id":6387,"date":"2025-02-17T08:55:45","date_gmt":"2025-02-17T07:55:45","guid":{"rendered":"https:\/\/cronicaslombardi.com\/?page_id=6387"},"modified":"2025-04-28T11:30:55","modified_gmt":"2025-04-28T09:30:55","slug":"nfl-draft-2025","status":"publish","type":"page","link":"https:\/\/cronicaslombardi.com\/?page_id=6387","title":{"rendered":"NFL DRAFT 2025"},"content":{"rendered":"\n<h2 class=\"wp-block-heading\">Aqu\u00ed hablamos del Draft de la NFL de 2025. Inclu\u00edmos las Selecciones, LA GU\u00cdA, v\u00eddeos, art\u00edculos y m\u00e1s contenido.<\/h2>\n\n\n\n<p class=\"has-text-align-center has-medium-font-size\"><strong><a href=\"https:\/\/cronicaslombardi.com\/?p=8370\">SELECCIONES DRAFT 2025<\/a><\/strong><\/p>\n\n\n\n<p class=\"has-text-align-center has-medium-font-size\"><strong><a href=\"https:\/\/cronicaslombardi.com\/?page_id=6994\">GU\u00cdA DRAFT 2025<\/a><\/strong><\/p>\n\n\n\n<p class=\"has-text-align-center has-medium-font-size\"><strong><a href=\"https:\/\/cronicaslombardi.com\/?page_id=7268\">HISTORIAS DEL DRAFT 2025<\/a><\/strong><\/p>\n\n\n\n<p class=\"has-text-align-center has-medium-font-size\"><strong><a href=\"https:\/\/cronicaslombardi.com\/?page_id=6997\">V\u00cdDEOS DRAFT 2025<\/a><\/strong><\/p>\n\n\n\n<p class=\"has-text-align-center has-medium-font-size\"><strong><a href=\"https:\/\/cronicaslombardi.com\/?page_id=7000\">ART\u00cdCULOS DRAFT 2025<\/a><\/strong><\/p>\n\n\n\n<hr class=\"wp-block-separator has-alpha-channel-opacity\"\/>\n\n\n<ul class=\"wp-block-latest-posts__list is-grid columns-3 wp-block-latest-posts\"><li><div class=\"wp-block-latest-posts__featured-image\"><img loading=\"lazy\" width=\"150\" height=\"150\" src=\"https:\/\/cronicaslombardi.com\/wp-content\/uploads\/2025\/05\/PICKENSSSS-150x150.jpg\" class=\"attachment-thumbnail size-thumbnail wp-post-image\" alt=\"PICKENSSSS\" style=\"\" srcset=\"https:\/\/cronicaslombardi.com\/wp-content\/uploads\/2025\/05\/PICKENSSSS-150x150.jpg 150w, https:\/\/cronicaslombardi.com\/wp-content\/uploads\/2025\/05\/PICKENSSSS-300x300.jpg 300w, https:\/\/cronicaslombardi.com\/wp-content\/uploads\/2025\/05\/PICKENSSSS-100x100.jpg 100w\" sizes=\"auto, (max-width: 150px) 100vw, 150px\" loading=\"lazy\" decoding=\"async\" \/><\/div><a class=\"wp-block-latest-posts__post-title\" href=\"https:\/\/cronicaslombardi.com\/?p=8445\">EPISODIO 3&#215;10: EL TRASPASO DE PICKENS CON RAUL CANCIO<\/a><div class=\"wp-block-latest-posts__post-excerpt\">EPISODIO 3&#215;10 PODCAST NFL \ud83d\udc47ENLACES\ud83d\udc47<\/div><\/li>\n<li><div class=\"wp-block-latest-posts__featured-image\"><img loading=\"lazy\" width=\"150\" height=\"150\" src=\"https:\/\/cronicaslombardi.com\/wp-content\/uploads\/2025\/04\/EPISODIO-3X09-150x150.png\" class=\"attachment-thumbnail size-thumbnail wp-post-image\" alt=\"EPISODIO 3X09\" style=\"\" srcset=\"https:\/\/cronicaslombardi.com\/wp-content\/uploads\/2025\/04\/EPISODIO-3X09-150x150.png 150w, https:\/\/cronicaslombardi.com\/wp-content\/uploads\/2025\/04\/EPISODIO-3X09-300x300.png 300w, https:\/\/cronicaslombardi.com\/wp-content\/uploads\/2025\/04\/EPISODIO-3X09-100x100.png 100w\" sizes=\"auto, (max-width: 150px) 100vw, 150px\" loading=\"lazy\" decoding=\"async\" \/><\/div><a class=\"wp-block-latest-posts__post-title\" href=\"https:\/\/cronicaslombardi.com\/?p=8415\">EPISODIO 3&#215;09: MESA REDONDA PARA ANALIZAR EL DRAFT DE LA NFL 2025<\/a><div class=\"wp-block-latest-posts__post-excerpt\">EPISODIO 3&#215;09 PODCAST NFL \ud83d\udc47ENLACES\ud83d\udc47<\/div><\/li>\n<li><a class=\"wp-block-latest-posts__post-title\" href=\"https:\/\/cronicaslombardi.com\/?p=8397\">5 MEJORES Y 5 PEORES CLASES: OTRA MIRADA DEL DRAFT M\u00c1S EXIGENTE<\/a><div class=\"wp-block-latest-posts__post-excerpt\">Aunque no lo sabremos con certeza hasta que pasen 1-3 a\u00f1os, exponemos la opini\u00f3n acerca de las consideradas<\/div><\/li>\n<li><div class=\"wp-block-latest-posts__featured-image\"><img loading=\"lazy\" width=\"150\" height=\"150\" src=\"https:\/\/cronicaslombardi.com\/wp-content\/uploads\/2025\/04\/image-96-150x150.png\" class=\"attachment-thumbnail size-thumbnail wp-post-image\" alt=\"image\" style=\"\" srcset=\"https:\/\/cronicaslombardi.com\/wp-content\/uploads\/2025\/04\/image-96-150x150.png 150w, https:\/\/cronicaslombardi.com\/wp-content\/uploads\/2025\/04\/image-96-300x300.png 300w, https:\/\/cronicaslombardi.com\/wp-content\/uploads\/2025\/04\/image-96-100x100.png 100w\" sizes=\"auto, (max-width: 150px) 100vw, 150px\" loading=\"lazy\" decoding=\"async\" \/><\/div><a class=\"wp-block-latest-posts__post-title\" href=\"https:\/\/cronicaslombardi.com\/?p=8370\">NFL DRAFT 2025: SELECCIONES<\/a><div class=\"wp-block-latest-posts__post-excerpt\">El Draft de la NFL 2025 destac\u00f3 por un equilibrio notable entre jugadores ofensivos y defensivos en la<\/div><\/li>\n<li><div class=\"wp-block-latest-posts__featured-image\"><img loading=\"lazy\" width=\"150\" height=\"150\" src=\"https:\/\/cronicaslombardi.com\/wp-content\/uploads\/2025\/04\/image-94-150x150.png\" class=\"attachment-thumbnail size-thumbnail wp-post-image\" alt=\"image\" style=\"\" srcset=\"https:\/\/cronicaslombardi.com\/wp-content\/uploads\/2025\/04\/image-94-150x150.png 150w, https:\/\/cronicaslombardi.com\/wp-content\/uploads\/2025\/04\/image-94-300x300.png 300w, https:\/\/cronicaslombardi.com\/wp-content\/uploads\/2025\/04\/image-94-100x100.png 100w\" sizes=\"auto, (max-width: 150px) 100vw, 150px\" loading=\"lazy\" decoding=\"async\" \/><\/div><a class=\"wp-block-latest-posts__post-title\" href=\"https:\/\/cronicaslombardi.com\/?p=8363\">EPISODIO 3&#215;08: 4 Intrigas a resolver en la primera ronda de este Draft de la NFL 2025.<\/a><div class=\"wp-block-latest-posts__post-excerpt\">EPISODIO 3&#215;08 PODCAST NFL \ud83d\udc47ENLACES\ud83d\udc47<\/div><\/li>\n<li><div class=\"wp-block-latest-posts__featured-image\"><img loading=\"lazy\" width=\"150\" height=\"150\" src=\"https:\/\/cronicaslombardi.com\/wp-content\/uploads\/2025\/04\/mock-DRAFT-IMAGEN-150x150.png\" class=\"attachment-thumbnail size-thumbnail wp-post-image\" alt=\"MOCK DRAFT\" style=\"\" srcset=\"https:\/\/cronicaslombardi.com\/wp-content\/uploads\/2025\/04\/mock-DRAFT-IMAGEN-150x150.png 150w, https:\/\/cronicaslombardi.com\/wp-content\/uploads\/2025\/04\/mock-DRAFT-IMAGEN-300x300.png 300w, https:\/\/cronicaslombardi.com\/wp-content\/uploads\/2025\/04\/mock-DRAFT-IMAGEN-100x100.png 100w\" sizes=\"auto, (max-width: 150px) 100vw, 150px\" loading=\"lazy\" decoding=\"async\" \/><\/div><a class=\"wp-block-latest-posts__post-title\" href=\"https:\/\/cronicaslombardi.com\/?p=8358\">MOCK DRAFT<\/a><div class=\"wp-block-latest-posts__post-excerpt\">A 22 de abril de 2025 os presentamos el MOCK DRAFT realizado por la redacci\u00f3n de Cr\u00f3nicas Lombardi:<\/div><\/li>\n<\/ul>","protected":false},"excerpt":{"rendered":"<p>Aqu\u00ed hablamos del Draft de la NFL de 2025. Inclu\u00edmos las Selecciones, LA GU\u00cdA, v\u00eddeos, art\u00edculos y m\u00e1s<\/p>\n","protected":false},"author":1,"featured_media":6391,"parent":0,"menu_order":0,"comment_status":"closed","ping_status":"closed","template":"","meta":{"footnotes":""},"class_list":["post-6387","page","type-page","status-publish","has-post-thumbnail","hentry"],"_links":{"self":[{"href":"https:\/\/cronicaslombardi.com\/index.php?rest_route=\/wp\/v2\/pages\/6387","targetHints":{"allow":["GET"]}}],"collection":[{"href":"https:\/\/cronicaslombardi.com\/index.php?rest_route=\/wp\/v2\/pages"}],"about":[{"href":"https:\/\/cronicaslombardi.com\/index.php?rest_route=\/wp\/v2\/types\/page"}],"author":[{"embeddable":true,"href":"https:\/\/cronicaslombardi.com\/index.php?rest_route=\/wp\/v2\/users\/1"}],"replies":[{"embeddable":true,"href":"https:\/\/cronicaslombardi.com\/index.php?rest_route=%2Fwp%2Fv2%2Fcomments&post=6387"}],"version-history":[{"count":21,"href":"https:\/\/cronicaslombardi.com\/index.php?rest_route=\/wp\/v2\/pages\/6387\/revisions"}],"predecessor-version":[{"id":8378,"href":"https:\/\/cronicaslombardi.com\/index.php?rest_route=\/wp\/v2\/pages\/6387\/revisions\/8378"}],"wp:featuredmedia":[{"embeddable":true,"href":"https:\/\/cronicaslombardi.com\/index.php?rest_route=\/wp\/v2\/media\/6391"}],"wp:attachment":[{"href":"https:\/\/cronicaslombardi.com\/index.php?rest_route=%2Fwp%2Fv2%2Fmedia&parent=6387"}],"curies":[{"name":"wp","href":"https:\/\/api.w.org\/{rel}","templated":true}]}}